 114.
38
What is the highest common factor of 171680 and 255856850?
10730
What is the greatest common factor of 17889231 and 213?
213
Calculate the greatest common factor of 53587 and 861.
41
What is the highest common divisor of 5765859 and 181008?
3771
Calculate the highest common divisor of 1290 and 22200.
30
Calculate the greatest common divisor of 6909381 and 189711.
1773
What is the greatest common factor of 192 and 71164368?
48
What is the greatest common divisor of 163734 and 78938?
58
Calculate the greatest common factor of 854712 and 3144.
24
Calculate the greatest common divisor of 2835 and 2093769.
81
What is the greatest common divisor of 15735649 and 566?
283
Calculate the highest common divisor of 7961544 and 22707.
783
What is the highest common divisor of 5862230 and 548?
274
What is the greatest common divisor of 235791 and 35793?
369
Calculate the highest common divisor of 86234270 and 1270.
1270
Calculate the greatest common factor of 3865439 and 47560.
1189
Calculate the highest common divisor of 5414031 and 4788.
1197
Calculate the greatest common divisor of 9 and 15225984.
9
Calculate the highest common divisor of 56433 and 36127.
13
Calculate the highest common factor of 85584 and 142482.
6
Calculate the highest common factor of 305 and 943992507.
61
Calculate the highest common factor of 492 and 25868496.
12
Calculate the greatest common divisor of 148498 and 138124.
14
Calculate the highest common divisor of 376808 and 56.
8
What is the highest common factor of 1676895171 and 42?
21
What is the greatest common factor of 6972 and 21550242?
42
What is the greatest common divisor of 506 and 128634?
22
What is the highest common divisor of 38416 and 1477?
7
What is the highest common divisor of 297 and 30559617?
99
Calculate the greatest common factor of 57375346 and 98.
14
Calculate the greatest common divisor of 29979 and 44991.
9
Calculate the highest common factor of 13256762 and 709876.
3446
What is the highest common factor of 1502772 and 13140?
12
Calculate the greatest common factor of 7931 and 8926907.
1133
What is the highest common factor of 25867015 and 3980?
995
Calculate the greatest common divisor of 1124422 and 35282.
1534
Calculate the greatest common factor of 42109 and 4542818.
2477
What is the highest common factor of 439987 and 11786?
71
What is the greatest common factor of 15923192 and 510336?
3544
Calculate the highest common factor of 24885655 and 20.
5
Calculate the greatest common divisor of 60 and 95206500.
60
What is the highest common factor of 4551 and 4811440077?
4551
Calculate the greatest common divisor of 990946 and 723602.
682
What is the greatest common factor of 90 and 88989966?
18
Calculate the highest common divisor of 128 and 16527008.
32
Calculate the greatest common divisor of 248507631 and 127.
127
What is the greatest common factor of 1824 and 136897888?
608
Calculate the greatest common factor of 67 and 4566787.
67
What is the greatest common divisor of 150759 and 9639?
63
Calculate the highest common divisor of 5589 and 83192994.
243
What is the greatest common divisor of 9720 and 362424?
24
What is the greatest common factor of 157 and 817343?
1
Calculate the greatest common factor of 180 and 228241.
1
Calculate the greatest common factor of 31136 and 1224944.
112
What is the highest common divisor of 293732398 and 538?
538
Calculate the highest common divisor of 1384 and 17000.
8
Calculate the highest common divisor of 28729122 and 2490.
498
What is the greatest common divisor of 51588 and 9684?
36
What is the highest common divisor of 143486 and 14200682?
554
Calculate the highest common factor of 72270836 and 176.
44
Calculate the highest common divisor of 122689469 and 49.
7
What is the highest common divisor of 1254 and 1936926?
6
Calculate the greatest common factor of 92 and 539812.
4
What is the highest common divisor of 10640 and 3002342?
266
Calculate the highest common divisor of 16524 and 4000752.
972
Calculate the greatest common divisor of 43338 and 1836.
6
Calculate the greatest common divisor of 3057739 and 6273.
697
What is the greatest common divisor of 32508 and 903468?
12
Calculate the highest common divisor of 3729 and 221133.
33
Calculate the highest common factor of 11 and 51005845.
11
What is the greatest common divisor of 2175 and 24536325?
75
Calculate the greatest common divisor of 35167437 and 207.
207
What is the highest common divisor of 88132 and 7172?
44
Calculate the greatest common divisor of 183843829 and 494.
247
What is the highest common divisor of 6488 and 13609391?
811
Calculate the greatest common factor of 335 and 186161845.
335
Calculate the greatest common factor of 1562496 and 318.
6
What is the greatest common factor of 48679967 and 3329?
3329
Calculate the highest common divisor of 6717558 and 5018.
386
Calculate the highest common factor of 8628 and 9.
3
Calculate the greatest common factor of 4531676864 and 16.
16
What is the highest common factor of 6405980 and 140?
140
Calculate the highest common factor of 186 and 1161666.
6
What is the highest common divisor of 16290 and 8370?
90
What is the greatest common factor of 2134 and 63253894?
2134
What is the greatest common divisor of 30541792 and 64?
32
Calculate the greatest common divisor of 2667688 and 38920.
1112
Calculate the highest common factor of 114969 and 35313636.
6051
What is the greatest common divisor of 80043798 and 837?
93
Calculate the greatest common factor of 151965527 and 2429.
2429
Calculate the greatest common factor of 92898277 and 342.
19
What is the greatest common divisor of 27214950 and 1050?
1050
Calculate the greatest common divisor of 2952750 and 2604.
186
Calculate the greatest common divisor of 95609394 and 1071.
153
Calculate the greatest common divisor of 354085342 and 39.
13
Calculate the highest common factor of 328 and 558338.
82
What is the highest common factor of 23607729 and 1062?
531
Calculate the greatest common factor of 3900 and 22450300.
100
Calculate the highest common divisor of 34411914 and 19206.
1746
Calculate the highest common divisor of 182 and 2896000744.
182
What is the greatest common divisor of 13 and 6938269?
13
Calculate the highest common divisor of 302 and 38405944.
302
What is the greatest common factor of 248920 and 17500?
140
Calculate the greatest common divisor of 777 and 299012133.
777
What is the greatest common divisor of 8 and 247498448?
8
Calculate the greatest common divisor of 815 and 141770065.
815
Calculate the highest common divisor of 873975 and 2107.
43
What is the highest common factor of 32165491 and 1552?
97
Calculate the highest common divisor of 6390 and 161280.
90
Calculate the highest common divisor of 130083030 and 110.
110
Calculate the highest common divisor of 30835440 and 27459.
1017
Calculate the greatest common divisor of 713995 and 265.
5
What is the greatest common divisor of 168 and 1951361832?
168
What is the greatest common divisor of 2943 and 1906960995?
2943
What is the highest common divisor of 11134 and 611198?
586
Calculate the highest common factor of 356773 and 14809.
59
Calculate the greatest common factor of 37174770 and 2250.
90
What is the greatest common factor of 16875 and 10905?
15
What is the greatest common factor of 37687012 and 1408?
44
Calculate the greatest common divisor of 12 and 634151514.
6
Calculate the highest common divisor of 2727936 and 3287376.
5328
What is the greatest common factor of 52 and 4507919?
13
Calculate the greatest common factor of 12242250 and 15500.
250
Calculate the greatest common factor of 74666 and 16440646.
2018
What is the highest common factor of 2116 and 231169826?
1058
What is the highest common divisor of 374005 and 8750575?
2855
Calculate the greatest common divisor of 12928 and 1570816.
128
What is the highest common factor of 18926462 and 592?
74
Calculate the greatest common factor of 1335501110 and 6735.
2245
What is the highest common divisor of 23408094 and 274?
274
Calculate the highest common divisor of 1176 and 96583263.
147
What is the greatest common factor of 27333 and 20484565?
3037
What is the highest common factor of 20763 and 3435?
3
What is the greatest common factor of 1703 and 1809964?
13
What is the g